628a4 (base 11) to base 4
-23122012230
12400011 (base 5) to base 3
20012012010
What is 2114211314 (base 5) in base 14?
839a64
3a4504 (base 11) to base 9
1167656
What is -112340330 (base 6) in base 15?
-2b1b1c
-336096 (base 12) to base 8
-3077762
Convert 115852 (base 14) to base 8.
2203360
Convert 121001200 (base 4) to base 8.
310140
What is 221021002122212 (base 3) in base 12?
45b5642
Convert -1012020221000 (base 3) to base 5.
-130304110
-102311111 (base 4) to base 6
-1353045
What is -397056 (base 10) in base 4?
-1200330000
Convert -38a32a (base 11) to base 10.
-613986
-31127 (base 10) to base 13
-11225
Convert -d0949 (base 16) to base 5.
-204314340
144110512 (base 7) to base 15
c89521
Convert -8181875 (base 9) to base 8.
-20514336
What is 415155201 (base 6) in base 3?
111122012010201
What is 252103552 (base 6) in base 7?
56213414
-112120313123 (base 4) to base 12
-1b7050b
What is -5503 (base 15) in base 14?
-67bd
-3486011 (base 12) to base 11
-5799531
Convert -10352414 (base 6) to base 14.
-81146
Convert 331030332 (base 4) to base 14.
67502
What is 40303403 (base 5) in base 9?
541160
-552130121 (base 6) to base 5
-10013342120
Convert 38607b (base 12) to base 10.
922847
Convert -3246a61 (base 13) to base 16.
-ea4190
Convert 20ba4 (base 16) to base 7.
1065552
What is -449107 (base 11) in base 4?
-2232201323
What is 5e514 (base 15) in base 11?
196599
Convert -1b9361d (base 14) to base 10.
-13800779
Convert -1684463 (base 10) to base 2.
-110011011001111101111
What is -211222111010120 (base 3) in base 16?
-ba5b29
Convert -10220444 (base 5) to base 7.
-504666
11144441 (base 5) to base 14
28628
500aa9 (base 13) to base 6
103455114
Convert 48b68 (base 12) to base 5.
11122212
Convert 36250 (base 9) to base 16.
5ec8
Convert -110303230 (base 4) to base 5.
-10211403
What is -18765506 (base 9) in base 8?
-44151476
What is -10001000111100101 (base 2) in base 4?
-101013211
What is 148234 (base 10) in base 15?
2ddc4
Convert -8382032 (base 9) to base 12.
-1602162
What is -10324242003 (base 5) in base 16?
-aa5e45
What is -10342241 (base 7) in base 9?
-1587125
-3333541 (base 6) to base 10
-168037
What is a6d15 (base 16) in base 6?
22351205
Convert 1883548 (base 9) to base 5.
232341312
What is -23011100122 (base 4) in base 14?
-558a02
What is -15534010 (base 9) in base 8?
-35460313
-105454 (base 6) to base 5
-242114
Convert -12950 (base 16) to base 12.
-38068
-239b23 (base 12) to base 16
-8ce0b
Convert 10134102 (base 7) to base 11.
52a937
What is 27b5782 (base 12) in base 16?
795512
What is 111101001110011101000 (base 2) in base 3?
10202221001111
-540344 (base 10) to base 16
-83eb8
Convert b8b5 (base 14) to base 6.
403423
Convert 277a2 (base 13) to base 12.
36874
What is -13d9d (base 14) in base 6?
-1020223
132122012211 (base 4) to base 8
36320645
Convert 2ba010 (base 14) to base 12.
616aba
33231331 (base 5) to base 3
112201020121
9220647 (base 11) to base 8
76124422
-97490 (base 10) to base 8
-276322
7af3 (base 16) to base 11
21714
Convert 16042 (base 13) to base 14.
11337
What is 28405 (base 14) in base 11?
688a1
-1543140 (base 6) to base 14
-25468
Convert -34c15a (base 14) to base 4.
-12313202110
Convert -20221222 (base 4) to base 13.
-13189
Convert -57a2a (base 13) to base 3.
-22010100121
110000000011111010110 (base 2) to base 16
1807d6
What is 76802 (base 10) in base 3?
10220100112
745615 (base 8) to base 15
4da62
What is 101110111111101100 (base 2) in base 12?
93490
Convert 768024 (base 9) to base 16.
6ff43
c29d (base 14) to base 15
9da9
-39754 (base 14) to base 4
-202201032
What is 101011111010100011 (base 2) in base 11?
113163
Convert 33434 (base 12) to base 16.
109a8
Convert 11c7ea8 (base 15) to base 5.
11233100213
Convert 221100210012 (base 3) to base 10.
499208
What is -11222020101220 (base 3) in base 7?
-31313115
What is -551435 (base 11) in base 4?
-3112322321
Convert -1355455503 (base 6) to base 7.
-262461426
537710 (base 8) to base 2
101011111111001000
109c33 (base 13) to base 2
1011111111110110000
What is 13ab5 (base 16) in base 8?
235265
-1241023 (base 5) to base 11
-17465
-9580 (base 10) to base 14
-36c4
What is 44164 (base 9) in base 16?
7273
Convert 608223 (base 11) to base 2.
11101110100101000101
What is 23630553 (base 7) in base 12?
858149
214059 (base 12) to base 16
80445
Convert -45145 (base 10) to base 6.
-545001
Convert -5163334 (base 9) to base 10.
-2758081
What is 24968 (base 10) in base 7?
132536
What is -2224020 (base 6) in base 4?
-123123030
Convert -320116 (base 9) to base 6.
-4025153
-16129597 (base 10) to base 9
-33313574
2702066 (base 8) to base 6
24102102
-101030110032 (base 4) to base 7
-53210430
What is -c77631 (base 14) in base 5?
-3211240402
1402054 (base 9) to base 12
311134
2453a (base 14) to base 4
111230020
What is -962a1 (base 11) in base 13?
-4ba07
-16510533 (base 8) to base 13
-a450aa
12a864 (base 14) to base 15
cab1c
Convert 13012000311 (base 4) to base 10.
1859637
-6270536 (base 10) to base 14
-b93276
Convert 97a0 (base 14) to base 15.
7b73
Convert -220222231 (base 4) to base 8.
-505255
-1344404312 (base 5) to base 3
-20121111001011
Convert 30301222 (base 5) to base 12.
b9201
123211032 (base 5) to base 6
20513155
Convert -275619 (base 10) to base 13.
-985b6
Convert 11202331201 (base 4) to base 11.
903397
What is 4531413 (base 7) in base 8?
2112317
What is 2c82c1 (base 16) in base 6?
142304521
What is -44311343 (base 6) in base 11?
-82a292
-1978 (base 11) to base 2
-100111001001
-22da79 (base 15) to base 3
-10010122122120
What is -3ab8592 (base 12) in base 14?
-17a3bc2
Convert -4355151 (base 6) to base 13.
-7805b
Convert -100011101101100010111 (base 2) to base 11.
-72a208
What is -306233 (base 8) in base 7?
-602003
-103300331 (base 4) to base 16
-13c3d
Convert 714215 (base 8) to base 7.
2001026
What is -70cac3 (base 16) in base 9?
-14815745
1352320 (base 6) to base 11
52955
615415 (base 7) to base 10
105166
What is -5b52 (base 14) in base 7?
-64332
Convert -24307224 (base 8) to base 2.
-10100011000111010010100
2210223230 (base 4) to base 9
1237258
-85aa58 (base 13) to base 4
-23331311302
What is -250102432 (base 6) in base 7?
-55343534
Convert 3701466 (base 9) to base 15.
29a2d9
Convert -9594 (base 16) to base 12.
-1a1b0
Convert -673864 (base 10) to base 15.
-d49e4
Convert 660731 (base 9) to base 16.
6040f
-514d8 (base 15) to base 2
-111110111001000011
101030210321 (base 4) to base 2
10001001100100100111001
-1011000000010001011 (base 2) to base 3
-200022122002
Convert 12116038 (base 10) to base 6.
1111404434
Convert -213340 (base 7) to base 9.
-56044
What is 4225047 (base 8) in base 10?
1124903
Convert -22c119 (base 13) to base 11.
-514869
Convert 4439113 (base 10) to base 6.
235051241
-222201020122 (base 3) to base 16
-805dc
What is 1211311012 (base 4) in base 16?
65d46
Convert 2843ba (base 14) to base 3.
2121212011201
85272 (base 10) to base 5
10212042
What is 72664 (base 10) in base 4?
101233120
What is 6263433 (base 8) in base 5?
411233140
Convert -78cbb9 (base 13) to base 16.
-2b93ea
11ef2 (base 16) to base 13
27588
-343350 (base 7) to base 2
-1110111100110100
Convert 123501433 (base 6) to base 15.
32b9cc
-71889 (base 15) to base 2
-1010111110011111111
Convert -3102310221 (base 4) to base 9.
-1555476
414145032 (base 6) to base 11
4077862
-41180 (base 12) to base 7
-502362
Convert -103346 (base 7) to base 2.
-100011001100001
64591 (base 13) to base 4
230031331
Convert 4154243 (base 6) to base 10.
201843
Convert -1022212020110 (base 3) to base 8.
-2542466
b76640 (base 16) to base 8
55663100
111790 (base 12) to base 4
1002200130
-183435 (base 10) to base 9
-308556
What is 678ab (base 12) in base 9?
230015
What is 110101101001110101 (base 2) in base 13?
79050
What is 1101311133 (base 4) in base 10?
335199
-158108 (base 9) to base 4
-113313233
-771114 (base 14) to base 16
-3d981e
339876 (base 13) to base 9
2260536
What is 2402445 (base 6) in base 2?
11110100001011101
-70980 (base 12) to base 15
-2d649
Convert -2033052 (base 6) to base 16.
-17e58
111101031 (base 4) to base 13
30864
Convert -10110101011011000101 (base 2) to base 10.
-743109
346924 (base 10) to base 6
11234044
-196638 (base 13) to base 7
-5314266
What is -326022 (base 7) in base 3?
-2220121010
-110001301 (base 4) to base 7
-461110
Convert 1010111